es 7 divide 77989317?
True
Is 9 a factor of 6873462?
True
Does 32 divide 163513184?
True
Does 87 divide 288411264?
True
Is 9138658 a multiple of 1211?
False
Is 69772773 a multiple of 21?
True
Is 2354 a factor of 364270412?
False
Does 3 divide 115802901?
True
Is 4836710340 a multiple of 1540?
True
Does 35 divide 32764910?
False
Is 2934898076 a multiple of 121?
True
Is 53359956 a multiple of 1469?
True
Is 18251739 a multiple of 13?
False
Is 43 a factor of 270281881?
False
Does 205 divide 2683245?
True
Is 13737 a factor of 2722412397?
True
Is 3514 a factor of 1704128576?
False
Is 452017390 a multiple of 530?
True
Does 1348 divide 52415632?
True
Is 15864366 a multiple of 14?
True
Does 2323 divide 62030031?
False
Is 42507180 a multiple of 324?
True
Is 105 a factor of 23225846?
False
Is 25 a factor of 6658875?
True
Is 1087475192 a multiple of 142?
True
Is 11 a factor of 22009548?
True
Is 1873039 a multiple of 2?
False
Is 14330381 a multiple of 13?
True
Is 205419874 a multiple of 185?
False
Is 53 a factor of 103914779?
False
Is 153 a factor of 1241244283?
False
Is 116298090 a multiple of 36?
False
Is 47 a factor of 27568038?
True
Is 39 a factor of 1026655890?
True
Is 2242330080 a multiple of 96?
True
Does 2 divide 419004501?
False
Does 1593 divide 2978229789?
True
Is 51 a factor of 24695295?
False
Is 8704374 a multiple of 238?
True
Is 200 a factor of 163827345?
False
Is 10 a factor of 211200754?
False
Is 23588186 a multiple of 168?
False
Does 39 divide 24067953?
True
Does 1072 divide 126091856?
True
Does 2621 divide 124102446?
False
Does 737 divide 148321030?
False
Is 28 a factor of 452597652?
False
Is 371 a factor of 3706294081?
True
Is 38246120 a multiple of 11?
True
Is 1956 a factor of 4420934?
False
Does 59 divide 1722523821?
True
Does 22 divide 103447476?
True
Is 1127 a factor of 657550404?
True
Does 14 divide 112721490?
True
Is 1983673188 a multiple of 212?
True
Does 145 divide 202740160?
True
Is 451133985 a multiple of 2?
False
Does 25 divide 2111390783?
False
Does 50 divide 28679856?
False
Is 11 a factor of 123214300?
True
Is 1503743346 a multiple of 14?
True
Does 172 divide 12048256?
True
Is 40590889 a multiple of 569?
False
Is 864606879 a multiple of 243?
True
Does 155 divide 349835?
True
Is 105 a factor of 6231060103?
False
Does 2347 divide 237077511?
True
Does 762 divide 195249556?
False
Is 614049667 a multiple of 25?
False
Is 24 a factor of 472619036?
False
Is 26650624 a multiple of 224?
True
Is 24620403 a multiple of 1418?
False
Does 107 divide 30363069?
True
Does 167 divide 167047748?
False
Is 115867574 a multiple of 242?
False
Does 65 divide 1372908812?
False
Does 1971 divide 137416600?
False
Is 24 a factor of 29093592?
True
Is 7275483 a multiple of 9?
True
Does 239 divide 170788683?
True
Is 11 a factor of 26658945?
False
Is 548577464 a multiple of 173?
True
Does 12 divide 92599543?
False
Is 2568 a factor of 2463576605?
False
Does 4488 divide 13998062?
False
Is 422453748 a multiple of 68?
False
Is 8 a factor of 925819?
False
Is 5962796608 a multiple of 382?
False
Is 7480673 a multiple of 2?
False
Is 567 a factor of 35501571?
True
Does 36 divide 110897856?
True
Is 1116997 a multiple of 4?
False
Is 206999237 a multiple of 139?
False
Is 415 a factor of 1073438?
False
Is 1540213896 a multiple of 377?
True
Is 377 a factor of 208137553?
True
Is 390836016 a multiple of 29?
True
Is 127658106 a multiple of 81?
True
Is 845750648 a multiple of 19?
True
Is 747 a factor of 1169678745?
True
Does 31 divide 907403976?
True
Does 2 divide 443297198?
True
Does 100 divide 2505335700?
True
Is 270757380 a multiple of 1380?
True
Is 34108902 a multiple of 6?
True
Does 8 divide 9831376?
True
Does 6523 divide 85444777?
True
Is 489 a factor of 44662326?
True
Is 2955069135 a multiple of 12?
False
Is 241368124 a multiple of 52?
False
Does 372 divide 18008892?
True
Is 1685473020 a multiple of 63?
True
Is 37 a factor of 52763184?
True
Is 9377442 a multiple of 6?
True
Does 74 divide 52379266?
False
Does 120 divide 11025188?
False
Does 96 divide 300920160?
True
Is 1080 a factor of 846475920?
True
Is 3249836133 a multiple of 57?
True
Is 257 a factor of 379651326?
False
Does 569 divide 494265683?
False
Does 8 divide 14740598?
False
Is 687 a factor of 470555154?
True
Does 173 divide 105401288?
True
Is 11658075 a multiple of 975?
True
Does 2628 divide 59600412?
True
Is 2733107 a multiple of 143?
False
Does 454 divide 844894?
True
Is 280680707 a multiple of 95?
False
Is 9523 a factor of 1480292659?
False
Is 131700476 a multiple of 38?
True
Is 3982 a factor of 506554202?
True
Is 96230545 a multiple of 636?
False
Is 118422427 a multiple of 280?
False
Is 215 a factor of 70181675?
False
Is 2687 a factor of 458825459?
False
Is 41913706 a multiple of 1040?
False
Does 2778 divide 25684548?
False
Does 13 divide 209801530?
False
Does 4 divide 504104251?
False
Does 154 divide 76618001?
False
Is 85 a factor of 411190305?
True
Does 10 divide 47520333?
False
Is 2378611949 a multiple of 18?
False
Does 4 divide 79493596?
True
Is 3861 a factor of 396072963?
True
Is 355 a factor of 180543770?
True
Is 10 a factor of 25440860?
True
Does 75 divide 4746224?
False
Is 4 a factor of 79273232?
True
Is 65 a factor of 2818964226?
False
Is 4273 a factor of 126190102?
False
Is 18550049 a multiple of 62?
False
Does 2 divide 32774736?
True
Is 2749 a factor of 148960063?
True
Does 116 divide 803292112?
True
Does 25 divide 73035213?
False
Is 731692242 a multiple of 222?
True
Does 2199 divide 103360004?
False
Does 217 divide 466094517?
True
Is 3 a factor of 736586515?
False
Does 84 divide 123279912?
True
Does 32 divide 46669475?
False
Is 160480764 a multiple of 1791?
True
Is 914730075 a multiple of 1281?
True
Is 25 a factor of 33597850?
True
Does 107 divide 32913628?
True
Is 734438385 a multiple of 2184?
False
Is 706156080 a multiple of 123?
False
Does 23 divide 491893525?
True
Is 180 a factor of 325526013?
False
Is 165 a factor of 3102421410?
True
Does 3031 divide 74038099?
False
Is 2 a factor of 194550?
True
Does 44 divide 48612483?
False
Is 9754698 a multiple of 218?
False
Is 18563714 a multiple of 249?
False
Is 219870 a multiple of 105?
True
Is 636 a factor of 1466446125?
False
Is 1013609674 a multiple of 43?
True
Is 160785201 a multiple of 323?
True
Is 136460698 a multiple of 19?
True
Does 2 divide 17987657?
False
Is 217366959 a multiple of 5?
False
Is 98 a factor of 28685776?
True
Is 21 a factor of 484803039?
True
Is 52 a factor of 25760488?
True
Does 7 divide 1470538070?
False
Does 892 divide 442853982?
False
Is 128269063 a multiple of 131?
False
Is 21766122 a multiple of 9?
True
Is 463776118 a multiple of 4?
False
Does 16 divide 27255184?
True
Does 10 divide 6923200?
True
Is 424421062 a multiple of 4001?
False
Is 75 a factor of 51321977?
False
Does 304 divide 19464816?
True
Is 31 a factor of 435541940?
True
Is 584935182 a multiple of 117?
True
Does 32 divide 98377580?
False
Is 55 a factor of 836643390?
True
Is 70232627 a multiple of 18?
False
Is 368 a factor of 106237552?
True
Does 462 divide 885430102?
False
Is 16 a factor of 599399442?
False
Is 75940917 a multiple of 925?
False
Is 44353557 a multiple of 984?
False
Does 515 divide 66569962?
False
Is 934462 a multiple of 357?
False
Is 16538694 a multiple of 298?
False
Does 4757 divide 1239763508?
False
Is 31 a factor of 80907516?
False
Is 255340344 a multiple of 6879?
False
Is 344 a factor of 789508155?
False
Is 46 a factor of 770475344?
True
Is 204794309 a multiple of 1572?
False
Is 145 a factor of 1242224875?
False
Is 4649 a factor of 16624066?
False
Does 9 divide 169645005?
True
Is 20323384 a multiple of 57?
False
Is 80098928 a multiple of 16?
True
Does 7 divide 33559059?
False
Is 71938800 a multiple of 675?
True
Is 601979257 a multiple of 2901?
False
Is 543 a factor of 172110366?
True
Is 2299 a factor of 365695033?
True
Does 6 divide 91756953?
False
Is 1672235832 a multiple of 9?
False
Is 4917 a factor of 250683411?
True
Does 731 divide 3493867060?
False
Is 28980780 a multiple of 213?
True
Is 31 a factor of 55514101?
False
Is 415789278 a multiple of 22?
False
Is 172 a factor of 11893456?
True
Is 35 a factor of 149778405?
True
Is 4760310184 a multiple of 2116?
True
Does 235 divide 245834063?
False
Does 45 divide 165776850?
True
Is 13042936